{"id":71,"date":"2018-08-25T12:20:00","date_gmt":"2018-08-25T10:20:00","guid":{"rendered":"https:\/\/flagfootballdeutschland.de\/wordpress\/?page_id=71"},"modified":"2018-08-25T12:21:42","modified_gmt":"2018-08-25T10:21:42","slug":"impressum","status":"publish","type":"page","link":"https:\/\/flagfootballdeutschland.de\/wordpress\/impressum\/","title":{"rendered":"Impressum"},"content":{"rendered":"<h2>Homepage des American Football Verbandes Deutschland e.V.<\/h2>\n<p>Anbieter im Sinne des Staatsvertrages \u00fcber Mediendienste (MdStV), Diensteanbieter im Sinne des Gesetzes \u00fcber die Nutzung von Telediensten (TDG) und Verantwortlicher im Sinne des MdStV:<\/p>\n<table border=\"0\" width=\"100%\" cellspacing=\"3\" cellpadding=\"0\">\n<colgroup>\n<col width=\"33%\" \/>\n<col width=\"66%\" \/><\/colgroup>\n<tbody>\n<tr>\n<td class=\"tab2titel\" colspan=\"2\" width=\"100%\">Kontakt<\/td>\n<\/tr>\n<tr>\n<td class=\"tab2dunkel\"><img loading=\"lazy\" decoding=\"async\" title=\"AFVD-Logo (c) AFVD\" src=\"http:\/\/www.afvd.de\/image\/afvd85.gif\" width=\"64\" height=\"85\" align=\"left\" hspace=\"5\" vspace=\"5\" \/><\/td>\n<td class=\"tab2hell\">American Football Verband Deutschland e.V.<br \/>\nGesch\u00e4ftstelle<br \/>\nOtto-Fleck-Schneise 12<br \/>\n60528 Frankfurt<\/td>\n<\/tr>\n<tr>\n<td class=\"tab2dunkel\">Telefon:<br \/>\nTelefax:<br \/>\nE-Mail:<br \/>\nHomepage:<\/td>\n<td class=\"tab2hell\">+49 69 96740267<\/p>\n<p><a href=\"&#109;&#97;&#x69;l&#116;&#x6f;&#x3a;o&#102;&#x66;&#x69;c&#101;&#x40;&#x61;f&#118;&#x64;&#x2e;d&#101;\">&#111;&#102;&#x66;&#x69;&#99;&#101;&#x40;&#x61;&#102;&#118;&#x64;&#x2e;&#100;&#101;<\/a><br \/>\n<a href=\"http:\/\/www.afvd.de\" target=\"_blank\" rel=\"noopener\">http:\/\/www.afvd.de<\/a><\/td>\n<\/tr>\n<tr>\n<td class=\"tab2dunkel\"><\/td>\n<td class=\"tab2hell\">Amtsgericht Frankfurt am Main 73 VR13272<\/p>\n<p>Vertretungsberechtigt: Robert Huber (Pr\u00e4sident), Thomas Meyer (Vizepr\u00e4sident Finanzen), Josef Andres, Peter Springwald und Uwe Talke (Vizepr\u00e4sidenten)<\/td>\n<\/tr>\n<\/tbody>\n<\/table>\n<p>Die technische Umsetzung der Seiten erfolgte durch<\/p>\n<table border=\"0\" width=\"100%\" cellspacing=\"3\" cellpadding=\"0\">\n<colgroup>\n<col width=\"33%\" \/>\n<col width=\"66%\" \/><\/colgroup>\n<tbody>\n<tr>\n<td class=\"tab2titel\" colspan=\"2\" width=\"100%\">Webmaster<\/td>\n<\/tr>\n<tr>\n<td class=\"tab2dunkel\"><\/td>\n<td class=\"tab2hell\">Chris K\u00e4mpfe<\/td>\n<\/tr>\n<tr>\n<td class=\"tab2dunkel\">Telefon:<br \/>\nTelefax:<br \/>\nE-Mail:<br \/>\nHomepage:<\/td>\n<td class=\"tab2hell\">&nbsp;<\/p>\n<p><a href=\"&#x6d;&#x61;&#x69;&#x6c;&#116;&#111;&#58;&#99;&#46;ka&#x65;&#x6d;&#x70;&#x66;&#x65;&#64;&#97;&#102;vd&#46;&#x64;&#x65;\">&#x63;&#46;&#107;a&#x65;&#x6d;&#112;f&#x65;&#x40;&#97;fv&#x64;&#46;&#100;e<\/a><br \/>\n<a href=\"http:\/\/www.afvd.de\" target=\"_blank\" rel=\"noopener\">http:\/\/www.afvd.de<\/a><\/td>\n<\/tr>\n<\/tbody>\n<\/table>\n<h3>Bilder und Logos<\/h3>\n<p>Alle Bilder und Logos sind, sofern nicht anders beschrieben, urheberrechtlich gesch\u00fctzt und d\u00fcrfen ohne schriftliche Genehmigung nicht verwendet werden. Die Rechte liegen bei den jeweiligen Fotografen.<\/p>\n<h3>Tabellen<\/h3>\n<p>Alle Tabellen auf dieser Homepage werden automatisch erstellt. Bei der Platzierung der Teams wird der direkte Vergleich weitestgehend ber\u00fccksichtigt. Es handelt sich aber nicht um die offiziellen Tabellen. Die Vereine erhalten diese direkt von ihrem Ligaobmann.<\/p>\n<h3>Hinweis zur Problematik von externen Links<\/h3>\n<p>Der Anbieter (Diensteanbieter) ist nach \u00a75 Absatz 1 MdStV beziehungsweise \u00a75 Absatz 1 TDG f\u00fcr \u00bbeigene Inhalte\u00ab, die er zur Nutzung bereith\u00e4lt, nach den allgemeinen Gesetzen verantwortlich. Von diesen eigenen Inhalten sind Querverweise (\u00bbLinks\u00ab) auf die von anderen Anbietern bereitgehaltenen Inhalte zu unterscheiden. Durch Querverweise h\u00e4lt der Diensteanbieter dieser Seite insofern \u00bbfremde Inhalte\u00ab zur Nutzung bereit. F\u00fcr die fremden Inhalte ist er nur dann verantwortlich, wenn er von ihnen (das hei\u00dft auch von rechtswidrigen beziehungsweise strafbaren Inhalten) Kenntnis hat und es ihm technisch m\u00f6glich und zumutbar ist, deren Nutzung zu verhinden (\u00a75 Abs. 2 MdStV und \u00a75 Abs. 2 TDG). Bei \u00bbLinks\u00ab handelt es sich allerdings stets um \u00bblebende\u00ab (dynamische) Verweisungen. Der Diensteanbieter hat bei der erstmaligen Verkn\u00fcpfung zwar den fremden Inhalt daraufhin \u00fcberpr\u00fcft, ob durch ihn m\u00f6gliche zivil- oder strafrechtliche Verantwortlichkeit ausgel\u00f6st wird. Er ist aber weder nach dem MdStV noch nach dem TDG dazu verpflichtet, die Inhalte, auf die er in seinem Angebot verweist, st\u00e4ndig auf Ver\u00e4nderungen z\u00fc \u00fcberpr\u00fcfen, die eine Verantwortlichkeit neu begr\u00fcnden k\u00f6nnten. Erst wenn er festfestellt hat oder von anderen darauf hingewiesen wird, da\u00df ein konkretes Angebot, zu dem er einen Link bereitgestellt hat, eine zivil- oder strafrechtliche Verantwortlichkeit ausl\u00f6st, wird er den Verweis auf dieses Angebot aufheben, soweit ihm dies technisch m\u00f6glich und zumutbar ist. Die technische M\u00f6glichkeit wird nicht dadurch beeinflu\u00dft, da\u00df auch nach Unterbindung des Zugriffs von den Seiten des Diensteanbieters von anderen Servern aus auf das rechtswidrige oder strafbare Angebot zugegriffen werden kann. Der Diensteanbieter stimmt den Inhalten, auf die ein Link verweist, nicht unbedingt zu. Links dienen auch dem Verweis auf andere Meinungen. Ein Link hat somit die Qualit\u00e4t eines Quellenhinweises oder Zitates. Soweit auf diesen Seiten Foren (Diskussionsforen, G\u00e4steb\u00fccher und \u00f6ffentliche Linklisten) eingesetzt werden, sind diese als Gemeinschaftsbriefk\u00e4sten zu verstehen. Eingehende Eintr\u00e4ge sind pers\u00f6nlich zu verantwortende Mitteilungen des Absenders an die Benutzer des Gemeinschaftsbriefkastens. Haftung und Verantwortlichkeit liegen ausschlie\u00dflich beim Absender.<\/p>\n<h2>Datenschutzrichtline<\/h2>\n<p>Weitere Informationen zum Datenschutz finden Sie in der <a href=\"https:\/\/flagfootballdeutschland.de\/wordpress\/datenschutzerklaerung\/\">Datenschutzrichtlinie<\/a>.<\/p>\n","protected":false},"excerpt":{"rendered":"<p>Homepage des American Football Verbandes Deutschland e.V. Anbieter im Sinne des Staatsvertrages \u00fcber Mediendienste (MdStV), Diensteanbieter im Sinne des Gesetzes \u00fcber die Nutzung von Telediensten (TDG) und Verantwortlicher im Sinne des MdStV: Kontakt American Football Verband Deutschland e.V. Gesch\u00e4ftstelle Otto-Fleck-Schneise 12 60528 Frankfurt Telefon: Telefax: E-Mail: Homepage: +49 69 96740267 &#111;&#x66;&#102;&#x69;&#99;&#x65;&#64;&#x61;f&#x76;d&#46;&#x64;&#101; http:\/\/www.afvd.de Amtsgericht Frankfurt am&#8230;<\/p>\n","protected":false},"author":1,"featured_media":0,"parent":0,"menu_order":0,"comment_status":"closed","ping_status":"closed","template":"","meta":{"footnotes":""},"class_list":["post-71","page","type-page","status-publish","hentry"],"_links":{"self":[{"href":"https:\/\/flagfootballdeutschland.de\/wordpress\/wp-json\/wp\/v2\/pages\/71","targetHints":{"allow":["GET"]}}],"collection":[{"href":"https:\/\/flagfootballdeutschland.de\/wordpress\/wp-json\/wp\/v2\/pages"}],"about":[{"href":"https:\/\/flagfootballdeutschland.de\/wordpress\/wp-json\/wp\/v2\/types\/page"}],"author":[{"embeddable":true,"href":"https:\/\/flagfootballdeutschland.de\/wordpress\/wp-json\/wp\/v2\/users\/1"}],"replies":[{"embeddable":true,"href":"https:\/\/flagfootballdeutschland.de\/wordpress\/wp-json\/wp\/v2\/comments?post=71"}],"version-history":[{"count":3,"href":"https:\/\/flagfootballdeutschland.de\/wordpress\/wp-json\/wp\/v2\/pages\/71\/revisions"}],"predecessor-version":[{"id":76,"href":"https:\/\/flagfootballdeutschland.de\/wordpress\/wp-json\/wp\/v2\/pages\/71\/revisions\/76"}],"wp:attachment":[{"href":"https:\/\/flagfootballdeutschland.de\/wordpress\/wp-json\/wp\/v2\/media?parent=71"}],"curies":[{"name":"wp","href":"https:\/\/api.w.org\/{rel}","templated":true}]}}